 is the tens digit of 60/t*628/(-10)?
5
Let a(f) be the first derivative of f**4/4 - 7*f**3/3 - f**2/2 + 17*f - 8. Let v be a(7). What is the tens digit of v*((-5)/6)/(1/(-15))?
2
Suppose 4*u = 3 + 13. Suppose u*b - 25 = b - 2*g, -25 = -5*b + 5*g. Suppose -5*a - 144 = -b*a. What is the units digit of a?
2
Suppose -116436 + 81951 = -6*f + 133077. What is the hundreds digit of f?
9
Let o(c) = c**3 - 7*c**2 - 4*c - 8. Let z(w) = w**2 + 6*w + 16. Let g be z(-4). Let k be o(g). What is the tens digit of 342/k + 3 + 1/(-4)?
1
Suppose -5*x = 5*g - 220843 + 9243, x = -3*g + 42306. What is the hundreds digit of x?
3
Let k = 84 + -76. Suppose -121 = k*z + 79. Let m(s) = -2*s**2 - 55*s. What is the tens digit of m(z)?
2
Let g = -49 - -679. Suppose -552 = -3*f - 3*x + g, -f + 384 = -x. What is the units digit of f?
9
Let q = -1780 - -3994. What is the tens digit of q?
1
Let f(l) = l**2 + 12*l + 28. Let z be f(-5). Let k(d) = d + 13. Let t be k(9). Let x = t + z. What is the units digit of x?
5
Suppose -t = 5*f + 2 + 11, -2*t - 16 = 5*f. Let d be t - 86/(-4)*34. Suppose 13*a - d = 5*a. What is the units digit of a?
1
Let x be 16023/56 + 3/(-24). What is the units digit of 2574/x*1*14/6?
1
Let j = 75 + -70. Suppose f - 152 = 4*y, 0 = 2*f + j*y - 8*y - 299. What is the units digit of f?
8
Let a = -74 - -79. Suppose -a*y = -59 + 9. Suppose y + 64 = 2*b. What is the units digit of b?
7
Suppose s = 52 - 19. Let k = s + -24. Suppose -3*p + k = -0*p, 72 = 3*a + p. What is the tens digit of a?
2
Let v be 366/2 + -10 + 195/15. Let y = v + 426. What is the hundreds digit of y?
6
Suppose 1155 = 44*c + 187. Let l(n) = -2*n**3 + 48*n**2 - 32*n + 65. What is the thousands digit of l(c)?
1
Let k(a) = -a**3 + 2*a + 1. Let h be k(-1). Suppose -4*t + 76 - 16 = h. What is the units digit of (5 - 2)/((t/(-201))/(-5))?
1
Let z be (-10)/20*(0 + 0). Suppose 4*o + 0*o - 1228 = z. What is the units digit of o?
7
Let r be -11 + -15 + 9 + 8. Let g be 1/(6/(-28))*6. Let d = r - g. What is the tens digit of d?
1
Suppose 3*d = 0, -33*d + 34*d = 2*q - 15474. What is the tens digit of q?
3
Let q be -30*(-3)/36*(2 + 0). Suppose -h + 1069 = 4*f - 836, -3*h + 2376 = q*f. What is the hundreds digit of f?
4
Let r(f) = 5*f**2 + 2*f + 1701. Let d be r(0). Suppose -3*s = 6*s - d. What is the hundreds digit of s?
1
Let v(q) = 19*q**3 - 7*q**2 + 65*q + 18. What is the thousands digit of v(8)?
9
Let i = 3523 - 1372. Let k be (-2)/(-3)*-1*i/(-6). Suppose -71 + k = g. What is the tens digit of g?
6
Let h = 99904 + -58998. What is the ten thousands digit of h?
4
Let r(f) = -6*f**3 + 97*f**2 + 12*f - 75. What is the hundreds digit of r(12)?
6
Let y(l) = 600*l - 2816. What is the tens digit of y(29)?
8
Suppose 0 = -3*f - 0*f + 18. Let d be 5 + (2 - (f + -4)). Suppose -4*w = -3*z - 3*w + 329, d*z = -3*w + 525. What is the hundreds digit of z?
1
Suppose -j = 5*z - 2465, 65*z = 66*z + 4*j - 493. Let d = 763 - z. What is the hundreds digit of d?
2
Let v(w) be the second derivative of w**4/12 - w**3/6 + 11*w**2/2 + 28*w. Suppose -4*a = -9 + 41. What is the units digit of v(a)?
3
Let t = -16965 + 51691. What is the units digit of t?
6
Suppose 28*v - 23*v = 20. Suppose 0 = -3*b + 5*l - 3 + 20, 0 = -4*b + 2*l + 32. Let t = v + b. What is the units digit of t?
3
Let g(k) = 2*k**2 + 10*k - 6. Let a be g(-6). What is the units digit of 202/a - 2/3?
3
Suppose -5*c = 412 + 288. What is the units digit of ((-105)/c)/((-1)/(-600))?
0
Let p = 102 + -97. Let w(m) = 17*m**3 - 11*m**2 - p - 4*m - 16*m**3 + 14*m. What is the tens digit of w(11)?
0
Let k(o) = -o**3 - 5*o**2 + 14*o + 1. Let c be k(2). What is the hundreds digit of c - 1/(2/(-1372))?
6
Suppose 2*b + 0*b - k = 112, 0 = b + 4*k - 65. Suppose 3*x - 5*c - 147 = 0, c - b = -2*x + x. What is the units digit of x?
4
Let f(n) = -4*n + 22. Let j be f(5). Let t be (j + 606/(-12))*-8. Suppose -7*k = -116 - t. What is the tens digit of k?
7
Let j = -5055 + 6450. What is the units digit of j?
5
Suppose 570 = 11*d - 17*d. Let i = d + 99. Suppose -3*p + i*x = -501, 4*p = 3*p - 2*x + 167. What is the tens digit of p?
6
Let u = -5385 - -10077. What is the tens digit of u?
9
Suppose -5*b + 4*z + 120 = 6*z, -68 = -4*b + 4*z. Let a be ((-4)/b + (-864)/(-33))/(-1). Let p = 82 + a. What is the tens digit of p?
5
Let s(b) = -11*b + 11. Let d be s(1). Suppose -2*r - 3*o + 557 = d, 2*o + 3 + 3 = 0. What is the units digit of r?
3
Suppose 2*f = 3*w - 18620, -252*w = -247*w - f - 31031. What is the tens digit of w?
0
Let c(h) = -h**3 + 4*h - 1. Suppose 0 = -2*f - 2*d - 2 - 16, 4*f = 5*d. What is the units digit of c(f)?
4
Suppose 5*o - 443 = -7*n + 5*n, 4*n + 4*o = 892. Suppose 230*l = n*l + 1776. What is the units digit of l?
6
Let s(t) = 3*t**3 + 37*t**2 - t - 23. Let x be s(-11). Suppose -j - j = -x. What is the hundreds digit of j?
2
Let z = 581 + -381. Suppose 21*k - z = 766. What is the units digit of k?
6
Let y be 1 - (-1)/((-2)/2). Let g(r) = -5*r**2 + 117*r - 148. Let k be g(22). Suppose -3*i + 184 = -s + k*s, y = 4*i + s - 251. What is the tens digit of i?
6
Let y(m) = -3*m**3 + 58*m**2 + 10*m + 32. Let s be y(19). Let u = s + -357. What is the units digit of u?
6
Suppose 5*l + 77 = 1292. Let q = 379 - l. What is the units digit of q?
6
Suppose -25*j + 400664 = -3*j + 66*j. What is the thousands digit of j?
4
Suppose 42858 = 5*j + 2*i, 11*i = 14*i + 3. What is the hundreds digit of j?
5
Let t(l) = 681*l**3 - 17*l**2 + 106*l + 15. What is the hundreds digit of t(5)?
2
Suppose -5*u + 19977 = -594*y + 595*y, -4*u - y = -15982. What is the thousands digit of u?
3
Suppose 130118 - 509035 = 14*f - 51*f. What is the ten thousands digit of f?
1
Let g(x) be the first derivative of 43*x**5/20 - x**4/12 + x**3/3 + 17*x + 2. Let h(b) be the first derivative of g(b). What is the tens digit of h(1)?
4
Let h(r) = r**3 + 22 - 6*r + 12*r**2 - 19*r - 10 - 4. What is the hundreds digit of h(-11)?
4
Let g(t) = t**3 + 11*t**2 + 28*t + 3. Let b be g(-4). Let k be (-3)/(-2)*((-24)/b - -2). What is the hundreds digit of -42*(k/2 + 0)?
1
Let k = -13161 - -43542. What is the ten thousands digit of k?
3
Let c(i) = 2*i - 37*i**3 - 97*i**2 + 13*i**3 + 98*i**2 + 1. Let j be c(-1). Suppose 80 = 3*r + f, r = f - 4 + j. What is the units digit of r?
5
Let f(g) = 10*g**2 - 5*g - 199. Let m(z) = 2*z**2 - z - 50. Let s(t) = 2*f(t) - 9*m(t). What is the units digit of s(0)?
2
Let l(c) = -8*c**3 + 13*c**2 - 13*c - 8. What is the hundreds digit of l(-6)?
2
Suppose -10 = -o + 3*m, -107 = -4*o - 4*m - 19. Suppose 13*h - o*h = -2196. What is the tens digit of h?
6
Let g be 9/(-6) + (-3)/(-6). Let m be 242/4*(-6)/(g + -2). Let i = 204 - m. What is the units digit of i?
3
Let a be ((-4)/(-3))/(3*6/135). What is the tens digit of 169/a - (-1)/10?
1
Suppose -246*h - 16760 = -256*h. What is the tens digit of h?
7
Suppose -312298 = -98*n + 53775 + 333549. What is the thousands digit of n?
7
Suppose -140*o + 351279 = -117*o. What is the ten thousands digit of o?
1
Suppose 3*j - 1 = 5*n - 20, 0 = 3*j + n - 11. Let v(y) = -11 + 3*y + 4 + j*y + y**2 - 8. What is the units digit of v(-10)?
5
Suppose -6*v - 5*a = -5*v + 42, -5*v = 5*a + 270. What is the units digit of -5 + (-2 + 4 - v)?
4
Let l = 13057 + -2993. What is the thousands digit of l?
0
Let d(t) = -t**2 - 8*t - 10. Let n be d(-5). Let r be 6/10 + (-13)/n. What is the units digit of (-8 - -6)*(r - 0)?
4
Let q(k) = -85*k**2 + 5 + k - k**3 - 2 + 82*k**2. What is the units digit of q(0)?
3
What is the hundreds digit of 5194 + -2 - 25/4*32/40?
1
Suppose 0 = -109*x + 818101 + 879356. What is the units digit of x?
3
Suppose -233*g + 413082 = -180*g. What is the hundreds digit of g?
7
Suppose -3*x - x = -3*r - 1, 0 = -x + 1. Let y(i) = 19*i**3 + 2*i**2 - i. What is the units digit of y(r)?
0
Let z(a) be the third derivative of 0 - 10*a**2 + 0*a - 5/8*a**4 + 13/6*a**3. What is the hundreds digit of z(-6)?
1
Let g(m) = -5*m**2 + 7*m - 9. Let w be g(6). Let y be (-12)/2 - 291905/(-739). Let f = y + w. What is the units digit of f?
2
Let s(l) = 2*l**3 + 44*l**2 - 56*l + 77. What is the tens digit of s(-19)?
0
Suppose -6*l + 38328 = 2*n, 48*n + 3*l - 95760 = 43*n. What is the tens digit of n?
4
Suppose 8*y + 98 = 274. Let n(h) = 2*h**2 - 16*h - 163. What is the units digit of 